{"id":610,"date":"2026-03-11T11:15:17","date_gmt":"2026-03-11T11:15:17","guid":{"rendered":"https:\/\/fotonareks.si\/nov\/?page_id=610"},"modified":"2026-03-17T10:16:18","modified_gmt":"2026-03-17T10:16:18","slug":"fotografiranje","status":"publish","type":"page","link":"https:\/\/fotonareks.si\/nov\/index.php\/fotografiranje\/","title":{"rendered":"Fotografiranje"},"content":{"rendered":"\n<p class=\"has-medium-font-size\"><strong>Fotografiranje v studiu<\/strong><\/p>\n\n\n\n<figure class=\"wp-block-table\"><table class=\"has-fixed-layout\"><tbody><tr><td>Dokumenti<\/td><td>25\u20ac<\/td><\/tr><tr><td>Portretno<\/td><td>25\u20ac<\/td><\/tr><tr><td>Dru\u017einsko fotografiranje mini (do 5 oseb)<\/td><td>30\u20ac<\/td><\/tr><tr><td>Dru\u017einsko fotografiranje maxi (ve\u010d kot 5 oseb)<\/td><td>50\u20ac<\/td><\/tr><\/tbody><\/table><\/figure>\n\n\n\n<p class=\"has-medium-font-size\"><strong>Prazni\u010dno fotografiranje v studiu<\/strong><\/p>\n\n\n\n<figure class=\"wp-block-table\"><table class=\"has-fixed-layout\"><tbody><tr><td>Mini paket<\/td><td>&#8211; 1 fotografija 21&#215;30<br>&#8211; 2 fotografiji 10&#215;15<br>&#8211; 2 digitalna posnetka<\/td><td>35\u20ac<\/td><\/tr><tr><td>Maxi paket<br>(velja samo za zimsko oz. bo\u017ei\u010dno fotografiranje)<\/td><td>&#8211; 1 fotografija 30&#215;40<br>&#8211; 10 fotografij 10&#215;15<br>&#8211; do 10 digitalnih posnetkov<\/td><td>80\u20ac<\/td><\/tr><\/tbody><\/table><\/figure>\n\n\n\n<p><a href=\"https:\/\/fotonareks.si\/nov\/wp-admin\/customize.php?url=https%3A%2F%2Ffotonareks.si%2Fnov%2F\" data-type=\"link\" data-id=\"https:\/\/fotonareks.si\/nov\/wp-admin\/customize.php?url=https%3A%2F%2Ffotonareks.si%2Fnov%2F\">Ve\u010d o prazni\u010dnem in sezonskem fotografiranju&#8230;..&gt;<\/a><\/p>\n\n\n\n<p class=\"has-medium-font-size\"><strong>Fotografiranje na terenu<\/strong><\/p>\n\n\n\n<figure class=\"wp-block-table\"><table class=\"has-fixed-layout\"><tbody><tr><td>Dokumenti na terenu<\/td><td>30\u20ac<\/td><\/tr><tr><td>Dru\u017einsko fotografiranje na terenu<\/td><td>80\u20ac<\/td><\/tr><tr><td>Pogrebno fotografiranje + album 40 \/ 13x18cm (Slov. Konjice)<\/td><td>120\u20ac<\/td><\/tr><tr><td>Poro\u010dno fotografiranje<\/td><td><a href=\"https:\/\/fotonareks.si\/nov\/index.php\/porocna-fotografija\/\">ve\u010d&#8230;<\/a><\/td><\/tr><tr><td>Materinsko fotografiranje<\/td><td><a href=\"https:\/\/fotonareks.si\/nov\/index.php\/2023\/10\/19\/materinsko-fotografiranje\/\">ve\u010d&#8230;<\/a><br>80\u20ac ( studio )<br>120\u20ac ( na terenu v Slov. Konjicah )<\/td><\/tr><tr><td>Fotografiranje dogodka<\/td><td>150\u20ac ( do 2h )<\/td><\/tr><tr><td>Fotografiranje obletnice razreda + 15&#215;21 fotografija<\/td><td>do 20 oseb ( 4,5\u20ac kom )<br>nad 20 oseb ( 4\u20ac kom )<\/td><\/tr><tr><td>Krst<\/td><td><\/td><\/tr><\/tbody><\/table><\/figure>\n\n\n\n<p>Cenik za fotografiranje na terenu po dolgem \u010dasu posodabljamo in dopolnjujemo, zato trenutno \u0161e ni popoln. \u010ce fotografiranja, ki vas zanima, ne najdete v ceniku, nas prosimo pokli\u010dite ali pi\u0161ite mail in z veseljem vam bomo posredovali ve\u010d informacij.<\/p>\n","protected":false},"excerpt":{"rendered":"<p>Fotografiranje v studiu Dokumenti 25\u20ac Portretno 25\u20ac Dru\u017einsko fotografiranje mini (do 5 oseb) 30\u20ac Dru\u017einsko fotografiranje maxi (ve\u010d kot 5 oseb) 50\u20ac Prazni\u010dno fotografiranje v studiu Mini paket &#8211; 1 fotografija 21&#215;30&#8211; 2 fotografiji 10&#215;15&#8211; 2 digitalna posnetka 35\u20ac Maxi paket(velja samo za zimsko oz. bo\u017ei\u010dno fotografiranje) &#8211; 1 fotografija 30&#215;40&#8211; 10 fotografij 10&#215;15&#8211; do &hellip; <\/p>\n","protected":false},"author":1,"featured_media":0,"parent":0,"menu_order":0,"comment_status":"closed","ping_status":"closed","template":"","meta":{"footnotes":""},"class_list":["post-610","page","type-page","status-publish","hentry"],"_links":{"self":[{"href":"https:\/\/fotonareks.si\/nov\/index.php\/wp-json\/wp\/v2\/pages\/610","targetHints":{"allow":["GET"]}}],"collection":[{"href":"https:\/\/fotonareks.si\/nov\/index.php\/wp-json\/wp\/v2\/pages"}],"about":[{"href":"https:\/\/fotonareks.si\/nov\/index.php\/wp-json\/wp\/v2\/types\/page"}],"author":[{"embeddable":true,"href":"https:\/\/fotonareks.si\/nov\/index.php\/wp-json\/wp\/v2\/users\/1"}],"replies":[{"embeddable":true,"href":"https:\/\/fotonareks.si\/nov\/index.php\/wp-json\/wp\/v2\/comments?post=610"}],"version-history":[{"count":12,"href":"https:\/\/fotonareks.si\/nov\/index.php\/wp-json\/wp\/v2\/pages\/610\/revisions"}],"predecessor-version":[{"id":706,"href":"https:\/\/fotonareks.si\/nov\/index.php\/wp-json\/wp\/v2\/pages\/610\/revisions\/706"}],"wp:attachment":[{"href":"https:\/\/fotonareks.si\/nov\/index.php\/wp-json\/wp\/v2\/media?parent=610"}],"curies":[{"name":"wp","href":"https:\/\/api.w.org\/{rel}","templated":true}]}}